(-59 + 62))?
-89
(-42 - (-45 + 48)) + 5
-40
Evaluate -58 + -72 + 133 - (1 + (15 - 1)).
-12
(3 - (25 + 2)) + 30
6
What is the value of 98 - (173 - 116) - (-8 + 0)?
49
Evaluate (-74 - (18 - (43 - 30))) + (7 - -2).
-70
What is the value of -2 - (-14 + 10 + 16 - (1 + 0))?
-13
3 + -11 + 11 + -12 - -2 - 6
-13
Evaluate 11 + 0 + (-8 - -31 - 33).
1
Calculate -6 - (-64 + 2 + 5 + (9 - (21 + -9))).
54
Evaluate 5 - (-64 + (47 - 14)).
36
What is the value of (1 + 57 - 0) + 3 + -11 + (-12 - -16)?
54
-43 + (-8 + (-35 - -21) - -93)
28
Evaluate (-65 - (-102 + 33)) + (-16 - 0) + -7.
-19
What is -145 + 166 + -61 + (-3 - (-11 - 3))?
-29
-35 - (58 - (137 - 71)) - (0 - 12)
-15
What is the value of -23 + 35 + (68 - 57)?
23
What is 107 + (-99 - -71 - (-43 - -1)) - (0 + -1)?
122
What is the value of -7 - (1 - (7 - 83) - ((11 - -3) + -18))?
-88
(-2 - -36) + (-48 - -12) + 6
4
Evaluate -28 + 5 - (-54 + -40 - -28).
43
Evaluate -97 - -102 - (-1 - 0 - (9 + (20 - 0))).
35
Calculate 12 - (-41 - (-44 - 25)).
-16
Evaluate 21 - (70 - 55) - (1 - 0).
5
What is 0 + 27 - (-188 + (-59 - -240))?
34
What is 18 + -41 + 48 + 8?
33
What is the value of 47 - 67 - -51 - 34?
-3
-31 + (-31 - -23 - -28)
-11
Evaluate (283 - 297) + (1 + -8 - 12).
-33
What is 14 - -7 - (3 + 7) - -22?
33
Evaluate -52 + (-26 + 11 - -15 - (13 + -9 - 8)).
-48
-9 - (-14 - 23) - (0 + 4)
24
What is the value of (22 - (17 + 19 - 9 - 23)) + -155?
-137
Evaluate (43 + 16 - 12 - 19) + 29.
57
31 + -8 + -17 + (-1 - (5 + -6)) - 98
-92
Evaluate 5 - (21 - 45 - (6 + 1) - -9) - 6.
21
What is the value of (2 - 6 - (-24 + 15 + 24)) + 14?
-5
Evaluate 1 + -43 + 16 + 1 + -13.
-38
What is 9 - (-64 + 123 - (-10 - 1))?
-61
What is the value of -14 - (21 + (-79 + (-36 - -16) - 12))?
76
What is -97 + (2 - -66) - (12 - (5 + -3) - 3)?
-36
Calculate (-29 - -22 - (9 - 2)) + 0 + -14.
-28
(-4 + 41 - 19 - (1 + -12)) + -8
21
Calculate 7 - (52 - ((-2 - (-9 + 4)) + 17 + -29)).
-54
What is 18 - (124 - (-37 + 95))?
-48
What is -19 + -3 + -22 + 38 - -69?
63
-1 - -2 - -3 - (-47 + 65) - -158
144
What is the value of (-4 + -2 - -12) + -18 + 2 - -28?
18
6197 + -6205 + 0 + -6
-14
What is 83 + 19 + -1 + (17 - (3 - (24 + -44)))?
95
What is (-27 - (4 - 2)) + (3723 - 3734)?
-40
Calculate (43 - -30) + -144 + -12.
-83
Calculate -72 - (-58 + -21) - -126.
133
Calculate 0 + 44 + -2530 + 2501.
15
What is -9 + (15 - 11) + -15 + 0 + -4?
-24
-154 + 92 + 69 + -29
-22
What is the value of -4 + -1 + -4 + 5 + (2 - -5 - -38)?
41
What is the value of 0 - ((-18 - -11) + 4) - (-54 - -54)?
3
Evaluate -41 + (8 - -18) + 1 + 63.
49
Evaluate 31 + (19 - 36) + 5 - -6.
25
What is the value of -77 + -3 + -4 + -168 + 196?
-56
What is the value of (-3 - -2 - -3) + (-6 - -4) - (-3512 + 3585)?
-73
-136 + -8 - (-3 + 13 + 3 + -20)
-137
(-8 - 2) + 16 + -4 + 7 - (-5 - -4)
10
Evaluate 43 + (44 - -9 - 150).
-54
-6 + (-1 - -1) + -4 - (-30 + -20 + 53)
-13
What is 15 + -27 - (4 + 8 - (-54 - -11))?
-67
What is 1208 + -1204 - (0 - -41)?
-37
What is the value of 13 - (37 + -19 + 0 - 57)?
52
Calculate -42 - (-27 + -10 + 12 + 8).
-25
Calculate (-18 + 49 + 2 - -3) + -6 + 3 + 2.
35
-60 + (13 - (27 + (19 - 15)))
-78
Calculate -11 - (1 - (10 + -6) - 66) - -6.
64
(-23 + 41 - (38 - 24)) + -58
-54
What is the value of (-15 - 4) + 15 + (-22 - -8)?
-18
Evaluate (25 - 45 - -53) + -29.
4
2 + (76 - 43) - 16
19
What is the value of 316 + -319 + (85 - 88) + -1 + -2 + 92?
83
What is -10 - (16 - -7 - 6) - (-15 - -17)?
-29
What is the value of 23 + 1 + (-105 - (102 + -208))?
25
Calculate 21 + -32 - (-5 + 18 - 7) - 63.
-80
What is the value of -1 + 1 + (-28 - 3) - (805 + -810)?
-26
What is the value of (-11 + 21 + -9 - -4) + (-4 - -9)?
10
What is the value of (766 - 763 - (6 - (1 + -1))) + 64?
61
Calculate (-2 - 68) + 240 + -197.
-27
What is the value of (87 - -37) + (20 - 3) + -6 + 8 + -20?
123
Calculate (-10 + (-15 - -3) - -23) + 50.
51
Calculate -1 + -7 - (-120 + (-25 - -74)).
63
2 + (-1 - (-2 + 8)) + 12 - (8 - 31)
30
Calculate -93 - ((9 - 19) + -51).
-32
-19 - (-11 - 6) - (4 + -10 - -12 - -75)
-83
What is the value of -127 - (-79 + 22 + 5)?
-75
What is (-3 - 1) + -22 + -64 + 74?
-16
What is -2 + -3 + 5 - ((-3 - -12 - -73) + 23)?
-105
Calculate 0 - ((-38 + 3 - -13 - -10) + 50).
-38
Calculate -24 + 26 + 27 + -1 + -1 + 15.
42
Calculate (915 - 933) + (5 - 6 - (-7 + 1)).
-13
Evaluate 2 + (8 - 47 - -40 - (-1 - -17)).
-13
(-32 - 0 - (-181 + 142)) + -6
1
Evaluate (3 - (5 - 4)) + -1 + -9 + 11.
3
What is -11 - 2 - (23 + -48 - 27)?
39
-82 - 42 - -192 - 135
-67
-36 - (115 + -123 + (15 - -1))
-44
Evaluate 18 - 1 - (-76 - -108 - 6).
-9
What is the value of (-135 - (58 + (77 - 169))) + -14 + 1 + -1?
-115
Calculate 7 - -3 - (1 + 16 - (49 + 21 + -44)).
19
What is the value of (-145 - -147) + ((-3 - 1) + 0 - (20 - -1))?
-23
What is -4 - (2 + 6) - (277 - 213 - (1 - -3))?
-72
What is 2202 - 2265 - (-62 + 1)?
-2
Evaluate (73 + -79 - 65) + 77.
6
Evaluate 1 + -16 - (23 - (3 + -13 + -4)).
-52
What is (-2 - 5) + (18 - (-130 + 55))?
86
-63 - (98 + (81 - 160))
-82
Calculate -104 + (-5 + (-46 - -33) - (-33 + 0)).
-89
What is the value of (83 - 36) + -35 - (57 + -4 + 3)?
-44
Calculate 6 + (40 - 25 - 208) + 48.
-139
What is -10 - (3 + -1) - (-1140 - -1121) - 91?
-84
What is 59 - (25 + -27 - 0 - (5 + 1 + -4))?
63
Evaluate -96 - (-11 - 35) - -85.
35
What is 53 - (33 + (17 - 15))?
18
Calculate 111 + -49 - (7 + -6 + -14).
75
Calculate 609 + -717 + (-1 - -58).
-51
What is the value of -6 - -9 - (-1 - -2) - (15 + 36 + 19)?
-68
Evaluate 46 + (-43 - -32) - -26.
61
-22 + (18 + -25 - 75) + 36
-68
What is 2 + -12 + 5 + -24 + -1 + 4 + -3?
-29
28 + -53 - -10 - -17
2
Evaluate (83 - 24) + ((1 - -14) + -8 - -9).
75
Evaluate -3 - (2 - -93) - ((94 - 147) + 55).
-100
Calculate 35 + (-18 - (9 + 11 - 24)).
21
What is 27 - (-7 - -81 - 148)?
101
What is the value of -30 - (-3 - -5) - (7 + -5 + 2) - -15?
-21
Evaluate -18 + (1 + 21 - 9) - (-58 + 3).
50
Evaluate (21 + -2 + 0 - (-10 + (-25 - -43))) + -26.
-15
Evaluate 1 + 29 + -96 + 9 + 75.
18
What is the value of -4 - ((-3 - 0) + -6 - (95 - 92))?
8
Calculate -83 + 123 + -54 + (-33 - 2) + 2.
-47
What is (-7 + (1 - -1) - (2901 + -2953)) + 9?
56
What is the value of (-28 - (-28 + 25)) + (3 - (-4 - -5 - 0))?
-23
What is 12 + (-1 - 12) + -69 + (-46 - -105)?
-11
Calculate 51 - (-15 - (-16 - 19)) - 17.
14
-73 + -1 + 0 + 35110 + -35127
-91
Calculate -5 + (17 - 12) - 3 - (-4 + (-3 - -5)).
-1
What is (15 - 1) + 329 + -111 + -200?
32
Calculate -21 - (-14 + 2 + 125 + -139).
5
Calculate -47 - (11 - 1 - (32 + -9 + 4 + -10)).
-40
(-2 - 16) + (3236 - 3230) + 1 + -35
-46
17 + (-22 - -7 - (-10 - (-61 + 11)))
-38
Evaluate (-123 + 31 - -55) + 1 + 1 + 17.
-18
What is 42 + (-16 - -45) + -26 + 25?
70
Calculate -30 + 15 + 5 - 37 - -5.
-42
69 - (-44 + 96 + 104)
-87
What is -2 - (-46 + 118 + -35)?
-39
What is 13 + -32 + 51 + -26 + 3?
9
Evaluate 103 + (-110 - (-3 - 44)).
40
What is -4 + 7 + (-1 + -4 - (-56 + 59)) + -12?
-17
Evaluate -1 + (-501 + 493 - (-1 + 2 - 17)).
7
What is the value of 92 + (7 - 25 - -34) + -36?
72
What is the value of -87 - (-6 + (-41 - 4))?
-36
Evaluate -10282 + 10299 - (1 - -41).
-25
Evaluate 167 + (-8 - 4 - -6) - (34 + -16 + -5).
148
Evaluate (36 + -58 - -16) + 29.
23
What is the value of -7 + 16 + -3 + 26 - (18 - 8 - 3)?
25
Calculate -31 + (4 - -32 - -1).
6
Evaluate -6 + 113 + (-1 - 3 - (-9 - (22 - 14))).
120
Calculate (28 - (12 + -27 - -67)) + 36.
12
53 + -64 + -55 + -20
-86
Calculate (-33 - 23 - 56) + 19.
-93
(-9 - (27 - (-31 - (-36 - -21)))) + (-2 - 13)
-67
1 + 0 - (23 - (4 - 13))
-31
What is 49 - (-8 + 1) - (-13 + -8 + 39 + -12)?
50
Evaluate -56 - ((32 - 15) + 17 + -31).
-59
Evaluate -4 - (-47 - -1) - (-253 + 278).
17
-14 + (-1 - ((-20 - -10 - -11) + (-182 - -34)))
132
Evaluate (-65 - (10 - (-22 + 7))) + 14.
-76
Evaluate 27 - -38 - (105 + 29).
-69
Evaluate 8 + 1 + (6 - (-1 + (25 - 11) + -14)).
16
What is -1 - 2 - (-25 + 48 - -28) - (-2 + -9)?
-43
What is the value of 76 - (35 - -58 - 59)?
42
Evaluate 3 + -1 + -2 + (4 - 15) + -182 + 249.
56
15 - (1349 + -1347 + (1 - -2))
10
What is the value of (39 + -23 + (-2 - 2) - (5 + 1)) + -43?
-37
What is -2 - -8 - -5 - (-2 - (-3 - 46))?
-36
What is the value of 47 + 22 + 280 + -350?
-1
Calculate -35 + (-27 - -28) - (4 + 3 + 2 - 0).
-43
-17 + (-81 - -127) + 37
66
Calculate (-23 -